g(-6)?
9
Let f(q) = 671*q**2 + 12*q + 13. What is the hundreds digit of f(-1)?
6
Let j(f) = 79*f + 16. Let u be j(-6). Let p be 8/(-28) + u/14. Let m = p + 49. What is the units digit of m?
6
Suppose -5*n + 2*k + 3843 = 0, n + 5*k - 606 - 141 = 0. Suppose -i = -4*i - f + n, 2*i - 3*f = 504. What is the tens digit of i?
5
Let a = 42 - 0. Suppose -a = 4*k - 190. What is the units digit of k?
7
What is the thousands digit of (-27534)/(-9) + 20/30?
3
Suppose -94*h = -97*h + 6. Suppose -83 = -5*a + q, h*q - 10 = -3*q. What is the tens digit of a?
1
Suppose 24*l - 10637 - 2755 = 0. What is the units digit of l?
8
Let y(d) = -134*d + 141*d + 64 + 28 - 28. What is the units digit of y(9)?
7
Suppose 4*s + 7*s + 88 = 0. Let h(z) = -7*z - 8. What is the units digit of h(s)?
8
Let f be (-4)/(-18) - (-2152)/36. Suppose -4*v = -5*v + f. Let u = v + -33. What is the tens digit of u?
2
Let q(n) = -n - 16. Let z be q(-10). What is the units digit of (-2)/z + (-406)/(-6)?
8
Let l(o) = -o**3 - 6 - 2*o**3 - 7*o**2 - 5*o + 2*o**3. Let t be l(-5). Let w = t - -56. What is the tens digit of w?
2
Let l = -245 + 415. What is the units digit of l?
0
Let l(o) = o**2 + 11*o + 38. Let n be l(-6). Suppose 3*h + n = 4*u - 45, 2*h = 3*u - 40. What is the tens digit of u?
1
Let r(k) = -7*k + 20. Let b(p) = p**2 - p + 1. Let y(x) = 6*b(x) - r(x). What is the tens digit of y(6)?
0
What is the tens digit of -8 + 11 + 334 + 9?
4
Let z = 0 + 4. Suppose 65 = 9*y - z*y. Let i = y - 10. What is the units digit of i?
3
Suppose 10850 + 14578 = 12*d. What is the tens digit of d?
1
Let q = -5309 + 9325. What is the hundreds digit of q?
0
Let i = 2787 - 1542. What is the units digit of i?
5
Suppose -4*v + y + 15 = 0, v + 15 = -y + 5*y. Suppose 4*f = -2*d + 166, -403 = -0*d - v*d + 2*f. Suppose 2*k - d = -k. What is the units digit of k?
7
Let h be 6/5*(-1 - -21). Let r(z) = -4*z - 10. Let l be r(-22). Suppose -h = 3*w - l. What is the tens digit of w?
1
Let i(u) = -u**2 - 9*u - 9. Let j be i(-6). Let k(h) = j*h**2 - 9*h + 3 - 8*h**2 + 0*h. What is the units digit of k(10)?
3
Suppose 3*n - 4*n - 2*m = -48, -5*n + m = -185. Suppose -n*j - 1490 = -43*j. What is the tens digit of j?
9
Suppose 0 = -6*m + 1 + 11. Suppose -u - 3*b = -23, -u + m*b - 1 + 29 = 0. What is the tens digit of u?
2
Let b be 756/15 + (-10)/25. Let w = 104 - b. What is the units digit of w?
4
Suppose -2*z - z = -10*z. Let s(m) = -m**3 - 2*m**2 + 2*m + 77. What is the units digit of s(z)?
7
Suppose 11*h = 36*h - 50475. What is the thousands digit of h?
2
Let s = 11709 - 7940. What is the tens digit of s?
6
Let m = -1167 + 6886. What is the units digit of m?
9
Let q be 3/(12/4) - 74. What is the units digit of (q + -1)*(-2)/4?
7
Suppose 2*j + 8 = u, -3*u + 4*u = 4*j. Suppose 4*x - b - 397 = u, -x = 4*b - 99. What is the units digit of x?
3
Suppose 582 = 3*y - 36. Suppose 0 = 7*w - 158 - y. What is the units digit of w?
2
Let l be -1 + 5 - 2 - 118. Let i = 255 + l. What is the hundreds digit of i?
1
Let j(r) = 13*r**3 + 5*r**2 - r - 2. What is the units digit of j(3)?
1
Let x be ((-4)/(-10))/((-9)/(-135)). Let n = 0 + 0. Suppose n = -5*p + 61 - x. What is the tens digit of p?
1
Let d = -61 - -37. What is the hundreds digit of (d + -58)/(2/4 - 1)?
1
Let v(i) = 3 + 0 - 10 + 1 - 7*i. What is the units digit of v(-2)?
8
Suppose 5*n + 2*j - 5306 = j, 3*n = 5*j + 3178. What is the tens digit of n?
6
Let w(r) = -6*r + 22. Let k(j) = -7*j + 21. Let p(x) = -5*k(x) + 4*w(x). Let l be p(5). Let h = 6 + l. What is the tens digit of h?
4
What is the hundreds digit of 1916/3*(17 + -14)?
9
Suppose 16 + 92 = 4*w. Let p = 60 - w. What is the tens digit of p?
3
Let n(s) = -195*s + 26. Let i be n(4). What is the hundreds digit of i/(-4) + (-1)/(10/15)?
1
What is the units digit of ((-47)/2)/(-4 - (-103)/26)?
1
Suppose 5*b + 3*j = 1525, b - 2*j = -6*j + 305. What is the tens digit of b?
0
Let b(c) be the first derivative of -4*c**3/3 - 2*c**2 + 3*c + 3. Let w(g) be the first derivative of b(g). What is the units digit of w(-3)?
0
What is the hundreds digit of (-10)/4*3880/(-20)?
4
Let z be 8/36 - (-4)/(-18). Suppose 6*y - 2*y - 536 = z. What is the tens digit of y?
3
Suppose 4*k - 100 = 3*b, 7 = k - 3*b - 18. Suppose 0 = 4*l - 23 - k. Suppose -5*g + 3*t = -2*t - 45, -3*g + l = 2*t. What is the units digit of g?
6
Let f = 2138 - 1253. What is the tens digit of f?
8
Let w = -268 - -86. Let m be 2/(-4)*1*-10. What is the units digit of (m - 0)*w/(-35)?
6
Let v = -57 + 103. What is the tens digit of v?
4
Let m(q) = 11*q + 4. Let y be m(-7). Let p = -45 - y. Let l = p - 13. What is the tens digit of l?
1
Let h = -23 - -40. Suppose 19 = k + h. Suppose 3*c - 2*s - 66 = s, -50 = -k*c - s. What is the tens digit of c?
2
Suppose 0 = -9*f - 7*f + 32. Suppose -f*m - 4*o + 20 = 0, -m - m + 5*o + 29 = 0. What is the units digit of m?
2
Let a = 1716 + -467. What is the tens digit of a?
4
Let i(g) = -g**3 - 3*g**2 - 17*g - 16. Let s be (-28)/6*15/10. What is the units digit of i(s)?
9
Suppose 5*s - 421 = 159. Suppose 4*t = 8*t - s. What is the tens digit of t?
2
Suppose p = 6*p - q - 12, -p + 3*q = -8. Let x be 50/(-15)*3/(-2). Suppose 3*c = -3*s + 204, -p*c + 340 = x*s - 6*c. What is the tens digit of s?
6
Suppose -2*b - c + 310 = 0, 4*b + 0*c - 3*c - 600 = 0. Let h = b + -9. What is the hundreds digit of h?
1
Suppose 0 = -4*o - o - 10, -4*o - 2 = 3*g. Suppose m - z + 67 = g*m, 4*m - 271 = -3*z. What is the units digit of m?
0
Suppose 0 = -5*m - 4*q - 46, 5 = -4*m + 4*q - 3. Let c(r) = 2*r**2 - 9*r - 8. What is the tens digit of c(m)?
1
Let w(y) = -26*y - 98. What is the tens digit of w(-9)?
3
Suppose -160 = 4*p + 2*n, 0*n = -n. Let q be 3125/55 + (-2)/(-11). Let k = q + p. What is the tens digit of k?
1
Let n(c) = -5*c + c + 14 + 2*c. Suppose 2*s - w = -18, -43 = 4*s - 4*w - 3. What is the units digit of n(s)?
0
Let u(r) = r**3 + 3*r**2 - 8*r - 8. Let c be u(-4). Suppose -c*b + 929 = -55. What is the units digit of b?
3
Let s(t) = -t**2 + 4*t - 3. Let o be s(4). Let p be (2/4)/(o/54). What is the tens digit of 2/p - (-800)/36?
2
Let q(r) be the third derivative of 7*r**5/60 + 7*r**4/24 + 3*r**3/2 - 38*r**2. What is the tens digit of q(-3)?
5
Let t be 7 + -4 + -2 + 3. Suppose -3*s + 93 = 3*p, 5*p + t*s - 9 = 145. What is the units digit of ((-4)/(-10))/(6/p)?
2
Suppose 3*k + 98 = 5*k. What is the units digit of k?
9
Let v(x) = 4*x**2 - 6*x - 2. Suppose -65 = -8*i - 25. What is the units digit of v(i)?
8
Let g be (-4)/(8/(-2)) + 3. Suppose 5*n = -k + 2*k + 12, -2*k + g = -3*n. Let b(r) = 2*r + 7. What is the units digit of b(k)?
3
Suppose -6 = 11*p - 14*p. Suppose p*l + x + 4 = 4*x, 0 = -4*l - 2*x + 24. Suppose -5*w + l*k + 77 = 0, 2*w = 2*k + 28 + 2. What is the tens digit of w?
1
Let v(g) = 145*g + 2. What is the hundreds digit of v(1)?
1
Let d(r) = 145*r + 137. What is the units digit of d(2)?
7
Let w = 2586 - 1142. What is the hundreds digit of w?
4
Let h(m) = -m**2 + m - 1. Let n(z) = -5*z**2 - 6*z - 71. Let f(q) = 4*h(q) - n(q). What is the units digit of f(-21)?
8
Suppose -13 = -2*m - 1. Let d be 2/(10/m - 1). What is the units digit of 3/(d/14) + -3?
1
What is the tens digit of ((-478)/3 - 1)/((-24)/72)?
8
Let j = -1406 - -2759. What is the hundreds digit of j?
3
Let j be 2/3*(-18)/(-4). Let q = -62 + 126. Suppose -j*o + 50 = -q. What is the tens digit of o?
3
Suppose -j + 4907 = 4*u + 1662, 0 = 5*u + 5. What is the thousands digit of j?
3
Suppose 0*v = v. Suppose 3*x - 15 = w, 4*w + 15 + v = 3*x. Suppose -7*y - 9 + 51 = w. What is the units digit of y?
6
Let o(y) be the second derivative of y**4/6 + y**3/6 + 9*y**2 + 2*y. Let t be (-6 - -6)/(0 - 6). What is the tens digit of o(t)?
1
Suppose -2*d + 42 = -14. What is the units digit of d?
8
Suppose -4*z = -8 - 4. Let t(n) = -n**2 + 4*n. Let m be t(z). Suppose -m*d + 74 + 1 = 0. What is the units digit of d?
5
Let o = -96 - -131. What is the units digit of o?
5
Let t(i) = 25*i - 402. What is the hundreds digit of t(33)?
4
Let d be (-18 - 0)/(3/22). Let y = d + 187. Let x = 117 - y. What is the tens digit of x?
6
Suppose -a = -4*y + 23 - 6, -3*y = 3*a - 24. Suppose y*h = 3*p + 597, -4*h - 4*p + 40 = -412. What is the units digit of h?
7
Suppose -2*s + 25 + 45 = 0. What is the tens digit of 97 + -2 + 